d by s?
14
Suppose -18*b + 13*b + 595 = 0. Let f = b + -101. Calculate the remainder when 80 is divided by f.
8
Suppose 3*n + b - 202 = 0, -4*n + 205 = -n + 4*b. Suppose 182*i = -17608 + 18882. Calculate the remainder when n is divided by i.
4
Let t(x) = -x**2 - 30*x + 32. Let f be t(-28). Suppose -100 + f = -p. Calculate the remainder when 21 is divided by p.
9
Let c be 0/1 + 57 + -55. Suppose 27 + 63 = c*b. What is the remainder when b is divided by 10?
5
Suppose -j = 2*t - 13182 + 4656, t - 34048 = -4*j. What is the remainder when j is divided by 99?
95
Let z be (56/12)/((-3)/(-54) + 0). Suppose z + 24 = 9*f. Suppose 0 = 3*c + h - 19, 0*h + 29 = 3*c - 4*h. Calculate the remainder when f is divided by c.
5
Let p(h) = -30*h**3 + 11*h**2 + 22*h**3 - 25 + 7*h**3 - 5*h. What is the remainder when p(9) is divided by 40?
12
Suppose -5*d - 111 = -2*o, 2*o - 65 - 6 = -3*d. What is the remainder when 124 is divided by o?
38
Suppose 3*r = 124 - 37. Let k be (130/(-156))/(3/(-18)). Suppose -4*a - i + r = 0, k*a + 2*i - 28 = 9. Calculate the remainder when 88 is divided by a.
4
Suppose 3*r - 72 = -4*g + 48, -16 = -4*r. Suppose 0 = 2*t + 4*q + 2970, -20*q + 18*q + 8 = 0. Let p = t - -1509. What is the remainder when g is divided by p?
11
Suppose -11*r + 5*r = -84. Suppose -r*g + 2279 = -325. What is the remainder when g is divided by 11?
10
Let t = 418 - 413. Let w = 28 + -19. Suppose -w*r + t*r + 28 = 0. What is the remainder when 21 is divided by r?
0
Let n = -2712 + 5765. Calculate the remainder when n is divided by 47.
45
Suppose 2*g + 5*j - 17 = 0, 3*j + 30 + 6 = g. Let t = 669 + -658. What is the remainder when g is divided by t?
10
Suppose 4*n = 157 + 107. Let b = n + -56. What is the remainder when 37 is divided by b?
7
Let x = 376 - 205. Suppose 2*y = -y + x. What is the remainder when y is divided by (10 - (-15 - -21))/(3*4/30)?
7
Let m(k) = -3*k**3 + 1. Let b be m(-1). Suppose 0 = b*c - 3*c - 238. Calculate the remainder when c is divided by (-390)/(-52)*(7 - -1).
58
Suppose 5*g = 2*l + 2*g - 36, -5*l = -2*g - 79. Suppose -l*q + 40 = -275. Calculate the remainder when 25 is divided by q.
4
Suppose -2356 = -140*r + 78*r. What is the remainder when 369 is divided by r?
27
Suppose -2*b + 3*b = 26. Let z = -40018 - -40251. What is the remainder when z is divided by b?
25
Let l = -106 + 109. Calculate the remainder when l + 0 + 4 + 672/12 is divided by 13.
11
Let i = 2 + 52. Let x = 7638 + -7530. Calculate the remainder when x is divided by i.
0
What is the remainder when 219 is divided by ((-1)/((-6)/8))/(((-22)/(-48))/11)?
27
Let j be -5 - -1 - ((-35)/7 - 4). Suppose -3*l - 39 = -2*k + 39, -j*l - 119 = -3*k. What is the remainder when k is divided by 18?
15
Suppose -n = -5*m + 245 - 170, -5*n + 3 = 2*m. Suppose -4*d + 5 = -27. Calculate the remainder when m is divided by d.
6
Let s = -11619 - -11745. What is the remainder when 374 is divided by s?
122
Let w be (-312)/((-1)/4*6). Suppose 197 = 5*u - w. Suppose -u = -5*a - 4*a. Calculate the remainder when a is divided by 4.
1
Suppose d + 46 = 4*a, -d = -a + 15 - 5. Let q = -257 + 279. Calculate the remainder when 0 + 56 - (q - 25) is divided by a.
11
Let o = 6958 + -6860. Calculate the remainder when 666 is divided by o.
78
Let h(f) = -f**3 - 56*f**2 - 95*f + 712. What is the remainder when 303 is divided by h(-54)?
3
Suppose 3*v + 0*a + a = 328, 3*v = a + 326. Suppose 12 = -v*f + 113*f. What is the remainder when -1 + ((-24)/(-1))/2 is divided by f?
2
Suppose -4*o - 323 = -3*t, -t - 3*o = -33 - 66. Suppose 12*y - 8*y = d - 40, -y - t = -5*d. Calculate the remainder when 96 is divided by d.
16
Suppose 7*j - 72*j + 187460 = 0. What is the remainder when j is divided by 111?
109
Let s(o) = -40*o + 37. Let k be s(-12). Suppose -514*j = -k*j + 1611. What is the remainder when j is divided by 10?
7
Let g = -716 + 786. What is the remainder when 299 is divided by g?
19
Let i(c) = -60*c - 282. Calculate the remainder when 4138 is divided by i(-5).
16
Suppose 3*y + 1 + 2 = 0. What is the remainder when (-7 - -6) + 7 + y is divided by ((-36)/(-36))/((-2 - -1)/(-1))?
0
Let c(z) = -11*z**2 + 1042*z - 663. Suppose -3*h + 1 = a, -5*a + 4*h + 49 = -32. Calculate the remainder when c(94) is divided by a.
11
Suppose 11*o = 3*q + 6*o - 73, -2*q + 51 = -o. What is the remainder when 1009 is divided by q?
21
Suppose -2*o + 815 = 3*o. Suppose -4*c = 2*v - 92, 5*v + 5*c - o - 72 = 0. Calculate the remainder when 575 is divided by v.
47
Suppose 1 = 4*f - 19, -m - 3*f + 89 = 0. Suppose 6306 = 108*i - 19117 - 13889. Calculate the remainder when i is divided by m.
68
Suppose 8*x + 1120 = 3*x. Let u = x + 241. Calculate the remainder when 81 is divided by u.
13
Suppose -m + 223 = 2*t, 5*t + 5*m = 10*m + 565. Calculate the remainder when 473 is divided by t.
25
Suppose -r = 185 - 89. What is the remainder when 339*8*(-4)/r is divided by 29?
26
Let h(l) = 3*l**2 + 12*l - 15. Let s(q) = 10*q**2 + 35*q - 45. Let a(v) = -8*h(v) + 3*s(v). Calculate the remainder when a(4) is divided by 41 + 0 + 0 - 1.
37
Let u(f) = -2*f**2 + 28*f - 14. Let r be u(11). Suppose -r = -12*z + 1964. Suppose 3*h = h + z. What is the remainder when h is divided by 22?
18
Let a(p) = -3*p**3 - p**2 - 8*p - 29. Suppose -2*n - 5*q = -14, -2*q = -q - 4. Suppose -2*d + 15 + 19 = 0. Calculate the remainder when a(n) is divided by d.
16
Let l be ((-742)/4 - 1)*82/(-41). Let p = -326 + l. Calculate the remainder when 1/(-1 + 2) - -184 is divided by p.
44
Let i(d) = -d**3 - 19*d**2 + 100*d + 190. What is the remainder when 892 is divided by i(-23)?
4
Let v(z) = z**3 - 20*z**2 - 27*z - 6. Let n be v(23). Suppose 31*w = w + n. What is the remainder when w is divided by 19?
13
Let g = -29 - -44. Let y be (4 - 4)*(-3)/6 + -585. Let i = y - -689. Calculate the remainder when i is divided by g.
14
Let n be (8/(-14))/(20/(-70)). Let g = 2 + n. Let r(y) = 3*y**2 + 3*y + 5. What is the remainder when r(-2) is divided by g?
3
Let x = -5626 + 5666. Calculate the remainder when 545 is divided by x.
25
Let r(j) = j**3 - 12*j**2 + 14*j + 24. Let i be r(10). Calculate the remainder when 86 is divided by (i/24)/((-3)/44).
20
Let y = 2022 + -2004. What is the remainder when 280 is divided by y?
10
Let h be -123 + (3*1)/(17 + -16). Let b = 140 + h. Let k = -2 - -9. Calculate the remainder when b is divided by k.
6
Let j = 47 - 27. Let i = j + 14. Let l(w) = w**3 - 9*w**2 - 9*w + 3. What is the remainder when i is divided by l(10)?
8
Suppose 0*l - 17*l - 3244 = -38468. What is the remainder when l is divided by 20?
12
Let c be ((-72)/3)/(1*-2). Suppose -c*u - 4 = -4. Suppose 4*t + n = 72, t + u*n - 2*n = 9. Calculate the remainder when t is divided by 4.
1
Let d = 25397 - 25383. What is the remainder when 10877 is divided by d?
13
Let r(p) = -23*p - p**2 + 14*p + 7*p + 12 + 10*p. Suppose 6 + 40 = y. Calculate the remainder when y is divided by r(8).
10
Let b = -89 + 129. Suppose 4*r - b = 28. Let k(l) = 2*l - 7. What is the remainder when 93 is divided by k(r)?
12
Let v(i) = 3*i**2 + 159*i - 148. Suppose -m = -48 + 24. What is the remainder when m is divided by v(-54)?
10
Let h = -93 - 33. Let j = -118 - h. What is the remainder when 95*(2/5 + 0) is divided by j?
6
Let f(q) = q**2 + 12*q. Let h(r) = 2*r**2 + 10*r - 14. Let n = 0 + -12. What is the remainder when h(n) is divided by f(-13)?
11
Calculate the remainder when 458 is divided by ((-20)/(-80))/((1 - (-20)/(-28))/8).
3
Suppose -4*x = -5*h + 198, 2*h + 3*x + 0 = 70. Calculate the remainder when 353 is divided by h.
11
Let g(j) = -j**2 + 127*j - 475. What is the remainder when 3052 is divided by g(4)?
9
Let h(m) = 132*m + 4700. What is the remainder when h(56) is divided by 87?
86
Suppose -23 = -l + 285*k - 282*k, 2*l - 5*k - 50 = 0. What is the remainder when 271 is divided by l?
26
Let a(v) = 32*v - 197. Let n be a(6). Let m(p) = 2*p**2 + 17*p + 44. Calculate the remainder when 25 is divided by m(n).
7
Let j(k) = 96*k + 2426. Let a = -82 - -118. Suppose 4*p = 92 - a. Calculate the remainder when j(-25) is divided by p.
12
What is the remainder when 490 is divided by -3*(-419)/5 - (3294/135 + -24)?
239
Suppose 6*j = -318 + 1812. Let c = 2651 - 2623. What is the remainder when j is divided by c?
25
Calculate the remainde